137626?
True
Does 15 divide 82905785?
False
Is 23813782 a multiple of 61?
False
Is 50182902 a multiple of 647?
False
Is 1041 a factor of 33234817?
False
Is 2138503248 a multiple of 14?
True
Is 1097827334 a multiple of 901?
False
Is 2663745840 a multiple of 16?
True
Is 19 a factor of 66447293?
False
Does 1214 divide 1421943632?
True
Does 45 divide 2079545?
False
Is 1782 a factor of 569840832?
True
Is 646 a factor of 85651293?
False
Is 651 a factor of 36596059?
False
Does 2329 divide 288482038?
False
Does 65 divide 4221816?
False
Does 671 divide 14961958?
True
Is 74 a factor of 85547277?
False
Does 2739 divide 136812896?
False
Is 171 a factor of 43682327?
False
Is 371268143 a multiple of 36?
False
Is 1141769336 a multiple of 715?
False
Is 10 a factor of 3182555939?
False
Is 920580847 a multiple of 713?
False
Is 1346690825 a multiple of 115?
True
Is 408854138 a multiple of 49?
True
Is 19 a factor of 727063800?
False
Does 264 divide 53364960?
True
Does 11 divide 418425912?
False
Is 118 a factor of 2029084?
False
Does 25 divide 55102126?
False
Is 1411 a factor of 1150719885?
True
Is 25 a factor of 44892225?
True
Is 97326201 a multiple of 95?
False
Is 801267679 a multiple of 30?
False
Is 1169099 a multiple of 859?
True
Does 56 divide 10168704?
True
Is 8397032 a multiple of 217?
True
Is 11 a factor of 14416496?
False
Is 24522440 a multiple of 40?
True
Does 447 divide 158724274?
False
Is 743750944 a multiple of 32?
True
Is 246 a factor of 758300030?
False
Does 75 divide 658913466?
False
Is 5823 a factor of 6083614188?
True
Does 8504 divide 1713318968?
False
Is 43 a factor of 256735284?
True
Does 9 divide 70159062?
False
Is 126539637 a multiple of 9?
False
Is 55078095 a multiple of 1335?
True
Is 15 a factor of 76465740?
True
Is 36 a factor of 15849036?
True
Is 11 a factor of 6939599?
False
Is 28 a factor of 24537041?
False
Is 27 a factor of 5766038?
False
Is 9591150 a multiple of 43?
True
Does 143 divide 3446872?
True
Is 5 a factor of 3688258?
False
Does 158 divide 9507492?
True
Is 2353 a factor of 1936930775?
True
Is 61909531 a multiple of 6?
False
Is 6692829 a multiple of 272?
False
Is 1429460089 a multiple of 83?
False
Does 57 divide 98382?
True
Is 51063664 a multiple of 39?
False
Is 7 a factor of 12159833?
True
Is 24090218 a multiple of 713?
False
Is 9128512 even?
True
Is 103842746 a multiple of 4738?
True
Is 679761342 a multiple of 81?
False
Is 247 a factor of 3712099?
False
Is 573 a factor of 20916219?
True
Is 117 a factor of 22855248?
True
Is 2512781700 a multiple of 13?
True
Is 45 a factor of 1928556?
False
Is 391844343 a multiple of 7709?
False
Is 13 a factor of 1925565?
False
Is 305237113 a multiple of 205?
False
Is 147 a factor of 444626124?
False
Does 132 divide 13574250?
False
Is 1615344444 a multiple of 21?
True
Is 10215 a factor of 1237853700?
True
Is 120 a factor of 369650520?
True
Does 13 divide 8243907100?
True
Does 27 divide 97022186?
False
Does 184 divide 85187164?
False
Is 114 a factor of 33873162?
True
Is 5312 a factor of 503694747?
False
Is 2 a factor of 363720046?
True
Is 361 a factor of 25160978?
True
Does 4575 divide 1300036575?
True
Is 11 a factor of 2984055195?
True
Is 2724 a factor of 99992592?
True
Is 1915972864 a multiple of 736?
True
Is 82 a factor of 258699176?
True
Is 37343870 a multiple of 298?
True
Is 11174553 a multiple of 33?
False
Is 282 a factor of 13150044?
False
Is 656 a factor of 1598849225?
False
Does 20 divide 3585480?
True
Is 32295663 a multiple of 25?
False
Is 962547692 a multiple of 338?
False
Is 3869643960 a multiple of 5460?
True
Does 18 divide 26210969?
False
Does 424 divide 68243621?
False
Does 3769 divide 90945970?
True
Is 284 a factor of 90727492?
True
Is 237634183 even?
False
Is 701 a factor of 5253517?
False
Is 19 a factor of 240154091?
True
Is 2683 a factor of 44473408?
True
Is 107066328 a multiple of 1383?
True
Is 201 a factor of 808320107?
False
Is 539 a factor of 21395066?
True
Is 106131083 a multiple of 490?
False
Is 171 a factor of 227892555?
True
Is 318986988 a multiple of 491?
True
Is 25585677 a multiple of 9?
True
Is 475 a factor of 246341460?
False
Is 23328624 a multiple of 24?
True
Is 124 a factor of 11280903?
False
Is 289 a factor of 26318941?
True
Is 302 a factor of 170740689?
False
Is 161139060 a multiple of 10?
True
Is 177197056 a multiple of 16?
True
Is 60 a factor of 895123260?
True
Is 156 a factor of 181081894?
False
Does 197 divide 235690800?
True
Does 49 divide 1320311909?
True
Is 4 a factor of 7781666?
False
Is 377320554 a multiple of 426?
True
Is 1018 a factor of 2741415243?
False
Is 10 a factor of 3180224?
False
Is 6736291 a multiple of 64?
False
Is 821911 a multiple of 100?
False
Is 122 a factor of 823008828?
True
Does 47 divide 2017071?
False
Does 17 divide 79529885?
False
Is 30228567 a multiple of 47?
True
Does 5479 divide 113797656?
False
Is 463102254 a multiple of 3172?
False
Is 401 a factor of 39273139?
False
Is 20760324 a multiple of 30?
False
Is 203 a factor of 147488635?
True
Is 241025267 a multiple of 49?
True
Does 8 divide 1317430057?
False
Is 146063232 a multiple of 2478?
True
Is 20066618 a multiple of 39?
False
Does 2 divide 21100858?
True
Is 6 a factor of 1159170660?
True
Is 671 a factor of 15803392?
True
Does 64 divide 119396753?
False
Does 76 divide 79778790?
False
Is 250 a factor of 280297250?
True
Is 14354703 a multiple of 335?
False
Is 26955577 a multiple of 487?
False
Is 385052544 a multiple of 16?
True
Does 29 divide 8233372?
False
Does 68 divide 127763364?
True
Is 32600909 a multiple of 4?
False
Is 91 a factor of 16535433?
False
Is 244 a factor of 340497852?
True
Is 29516823 a multiple of 26?
False
Does 1588 divide 497873530?
False
Is 24 a factor of 3001729950?
False
Is 70 a factor of 11459070?
True
Is 1835 a factor of 97238485?
True
Does 581 divide 12367747?
True
Is 11 a factor of 580149638?
False
Does 28 divide 147800010?
False
Does 13 divide 90000313?
True
Is 1382572329 a multiple of 227?
True
Does 4096 divide 174908177?
False
Is 17906064 a multiple of 88?
True
Does 817 divide 10255801?
True
Is 14 a factor of 36405810?
True
Is 542 a factor of 3092294154?
False
Does 1070 divide 285546057?
False
Does 145 divide 99651830?
True
Is 19 a factor of 289878839?
True
Is 98 a factor of 28761726?
True
Does 13 divide 98194482?
False
Is 7 a factor of 428586764?
False
Is 433 a factor of 441432675?
True
Is 1867236000 a multiple of 336?
True
Does 39 divide 27461751?
False
Is 26 a factor of 456637624?
False
Is 69 a factor of 97427793?
True
Is 17160784 a multiple of 16?
True
Does 21 divide 251006918?
False
Is 30 a factor of 110806443?
False
Is 22 a factor of 2290939772?
True
Does 244 divide 1214811594?
False
Is 14 a factor of 281683626?
True
Is 5483324 a multiple of 7?
True
Does 351 divide 105220323?
True
Is 60382344 a multiple of 44?
True
Is 417014235 a multiple of 45?
True
Does 2285 divide 733012005?
True
Is 26318834 a multiple of 399?
False
Is 97 a factor of 812097953?
False
Is 52094445 a multiple of 65?
True
Is 3959 a factor of 499874708?
False
Is 956656699 a multiple of 123?
False
Is 31 a factor of 378957857?
True
Is 769 a factor of 715192733?
False
Is 55 a factor of 81257660?
True
Is 760 a factor of 30651560?
True
Is 29 a factor of 8573647?
True
Is 3529 a factor of 208031021?
True
Does 10 divide 774018110?
True
Does 34 divide 8300690640?
True
Is 2580 a factor of 1799691900?
True
Does 79 divide 594125583?
True
Is 266591574 a multiple of 414?
True
Is 85 a factor of 2151292?
False
Is 315014891 a multiple of 148?
False
Is 146 a factor of 234383436?
True
Does 63 divide 19218627?
False
Is 697 a factor of 24772774?
True
Is 571 a factor of 361626291?
True
Does 117 divide 3647003?
False
Is 12057420 a multiple of 69?
False
Is 9 a factor of 586646000?
False
Does 44 divide 28414232?
True
Is 2062 a factor of 1733780630?
False
Does 51 divide 28758492?
True
Is 39216760 a multiple of 760?
True
Does 4291 divide 678806163?
True
Is 118665675 a multiple of 107?
True
Is 493 a factor of 56805107?
False
Is 419 a factor of 28075116?
False
Does 3020 divide 848892815?
False
Is 314 a factor of 78483358?
True
Is 9 a factor of 487044079?
False
Is 33 a factor of 32969086?
False
Does 774 divide 130615477?
False
Does 9 divide 73010547?
True
Is 32873136 a multiple of 1506?
False
Does 1107 d